f 117 and r?
13
Let r = -70 + 61. Let j be (-6)/r*(-33)/(-2). Calculate the greatest common divisor of j and 22.
11
Suppose -5*m = -4*m. Suppose m = x - 2*x. Let b be x + 2 - 0 - -268. What is the greatest common factor of b and 30?
30
Let t = 873 + -840. What is the greatest common factor of t and 15?
3
Let r(a) = a**3 - 2*a**2 + 2*a - 4. Let p be r(3). Let d = -39 + 38. Let u be 154/d*((-28)/8 + 3). Calculate the highest common factor of p and u.
11
Suppose 0*i + 3*i - 27 = 0. Suppose 0 = 5*c - 4 - 21, 3*l + 5*c = 34. Suppose -3*n + i = l. What is the greatest common divisor of n and 1?
1
Let r = 2 + -13. Let w = -8 - r. Suppose -w*u - m = -4*u + 16, 36 = 2*u + 2*m. What is the highest common factor of 119 and u?
17
Let y(j) = 89*j - 2849. Let b be y(33). Suppose -3*t + 2*f + 72 = 0, 3*t = 8*t - 2*f - 116. What is the greatest common divisor of t and b?
22
Let f = -59 + 109. Calculate the greatest common factor of 4 and f.
2
Let f be (396/110)/(1 + (-93)/95). Calculate the greatest common divisor of f and 63.
9
Suppose 60 = -0*g + 4*g. Suppose -a = -5*k - 35, -94*k + 44 = 4*a - 90*k. What is the highest common factor of g and a?
15
Suppose 86*u - 88*u + 4 = 0. What is the greatest common factor of 38 and u?
2
Let l = 217 + -91. What is the highest common factor of 168 and l?
42
Suppose f - s = 21, 2*f - 4*s - 34 = -0*s. Calculate the greatest common factor of 1225 and f.
25
Suppose 5*r = 4*s - 1784, -2*s - 7*r = -5*r - 910. What is the greatest common divisor of s and 11?
11
Suppose -619 = -2*t - 26*n + 23*n, 3*t - 922 = 2*n. Calculate the highest common divisor of 77 and t.
77
Suppose -4*d + 2*d = -2. Let o(h) = -h**2 + 2*h + 1. Let g be o(0). What is the highest common factor of d and g?
1
Let i be (5 - (-198)/(-12))*-26. Calculate the greatest common factor of i and 13.
13
Let p = 43 + -41. Let o be ((-10)/(-35))/(p/28). Calculate the greatest common divisor of 16 and o.
4
Let q be (-2)/(-6) - (-68)/12. Suppose -q*j + 160 = -50. Let a = j + -28. What is the highest common divisor of 28 and a?
7
Suppose -662*n = -665*n + 189. What is the highest common factor of n and 7?
7
Suppose 0 = 5*x - 3*l - 2 - 6, 3*x + 2*l - 1 = 0. Suppose 4*k + 40 = 4*b, -k + x = b - 1. Suppose b*j + 56 = 7*j. What is the highest common divisor of j and 8?
8
Let h(a) = 3*a**3 - 9*a + 4 + a**2 + 5*a - a**3. Let x be 3 + 1/(-2)*0. Let l be h(x). Calculate the highest common factor of l and 22.
11
Suppose 5*f - 2*w + 16 = 0, -f = -3*w + 1 + 10. Let u be (-3 + (-4)/(-2))*f. Suppose -6*n = -u*n - 16. Calculate the greatest common divisor of 2 and n.
2
Let x = 74 + -40. Suppose -2*t + 256 = 4*l, 3*l + 0*t - 192 = 2*t. Let q be 3 - l*3*3/(-12). Calculate the greatest common factor of x and q.
17
Let p be (-6)/(-2) - (2 - 2). Let l = 12 - p. Let m(z) = z**2 + 12*z - 27. Let h be m(-14). What is the highest common factor of h and l?
1
Let i(o) = 2*o**2 + 183*o + 620. Let d be i(-90). What is the greatest common divisor of 560 and d?
70
Let v be -1 + (0 + 67)/1. Let u(m) = 2*m**2 - 3*m - 59. Let i be u(-5). What is the highest common divisor of i and v?
6
Let y(u) = u**2 + 12*u + 31. Let k be y(-9). What is the greatest common factor of 8 and k?
4
Suppose 8 = -3*m + 7*m. Suppose 0 = 3*c + u - 3, -12 + m = -2*c + 2*u. Suppose -130 = -c*h - 3*h. Calculate the greatest common factor of 39 and h.
13
Let o be (-121)/6 + (-3)/(-18). Let f = 35 + o. Let x = f - -3. Calculate the highest common divisor of 45 and x.
9
Let y(s) = -3*s**3. Let l be y(-1). Suppose 2*v - 2*a = 1 + l, -4*v + 13 = a. Calculate the greatest common divisor of 6 and v.
3
Suppose -h + 30 = 3*k, -3*h - 3*k - 16 + 100 = 0. Suppose -44*t - 1323 = -51*t. What is the greatest common factor of t and h?
27
Let d = 137 - 68. Let a be d/2 + 6/12. What is the greatest common divisor of 28 and a?
7
Let y(j) = -3*j**3 + 2*j**2 + 2*j + 1. Let c be y(-1). Calculate the greatest common factor of 436 and c.
4
Let n(a) = -a**3 - 11*a**2 + 8*a + 14. Suppose 0 = -7*x + 8*x + 12. Let s be n(x). Let v = s + -2. What is the highest common divisor of v and 90?
30
Let h(m) = 7*m + 7. Suppose q + 1 - 2 = 0. Let k be h(q). What is the highest common factor of k and 28?
14
Let j(i) = i**3 - 10*i**2 + 9*i + 11. Let w be j(9). Let n(c) = 3*c**2 + 6*c - 6. Let d be n(-7). What is the highest common divisor of w and d?
11
Let h be (-8 + 890)/3 + -1 - 3. What is the greatest common factor of 20 and h?
10
Suppose -598 = -16*o - 7*o. What is the greatest common divisor of 2 and o?
2
Let w be 14 - 16 - (-12)/1. Let m be ((-35)/(-2))/(5/w). Calculate the greatest common factor of m and 14.
7
Suppose 5*c + 5*f - 3980 = 0, -3956 = 34*c - 39*c + 3*f. What is the greatest common divisor of c and 26?
13
Let u be ((-45)/4)/(3/(-24)). What is the highest common divisor of u and 210?
30
Let b be 26 + (10 + -5 - 7) - 3. What is the greatest common factor of 21 and b?
21
Let k be ((-10)/30)/(3/(-1539)). Calculate the greatest common factor of 19 and k.
19
Suppose -u = -18 - 1112. Let p be u/6 - (-8)/12. What is the greatest common divisor of 21 and p?
21
Let v(u) be the third derivative of u**5/60 - u**4/24 + u**3 + 30*u**2. Let d be v(-3). Calculate the highest common divisor of d and 27.
9
Suppose 0 = l + 4*l - 20. Suppose -16 = l*v - 5*d, -3*v + 5*d = -v + 18. What is the greatest common factor of 11 and v?
1
Suppose -t + 22 - 17 = 0. Let n = -4 - -9. Calculate the highest common factor of t and n.
5
Suppose -16*v + 21*v = 25. Suppose v*s + o = 22, 2*o - 6 + 2 = 0. What is the highest common divisor of 8 and s?
4
Suppose 3*v = 5*k - 2*k - 18, 5*k = 4*v + 30. What is the highest common factor of k and 96?
6
Suppose 4*z + 536 - 100 = 0. Let a = -85 - z. Calculate the greatest common divisor of 8 and a.
8
Suppose 102 = -3*h + 4*h - 3*a, 0 = 4*a + 16. Suppose -4*t - 33 = -4*c - 3*t, -4*t = 5*c - 57. What is the highest common divisor of h and c?
9
Suppose 3*b = 23 + 79. Let l be (b/4)/(1/2). Suppose -4*f - x = -l + 5, -f - 3*x = -3. Calculate the highest common divisor of f and 2.
1
Let g be 6 - (-2 - (-6 + 2)). Let f be (g - 45/10)/(1/(-20)). Calculate the greatest common divisor of 90 and f.
10
Let r(u) = -50*u**2 + 1504*u - 12. Let y be r(30). Let w(v) = -v**3 - 3*v**2 - 5*v. Let k be w(-4). What is the greatest common factor of k and y?
36
Let g(z) = 2*z**2 + 5*z - 4. Let h be g(-4). Let j = -43 + 63. Let u be (j/25)/((-2)/(-60)). What is the highest common factor of u and h?
8
Let t be ((-96)/(-80))/((-4)/(-10)). What is the highest common factor of t and 4?
1
Let p be 3/(-2) + 5016/(-16). Let i be (-1)/(320/p + 1). What is the greatest common factor of 42 and i?
21
Let p be (-5 - -1 - (-28)/(-28))*-1. What is the highest common divisor of p and 55?
5
Let f = -269 + 404. What is the greatest common factor of 15 and f?
15
Suppose 46*x - 60112 = 12*x. What is the highest common divisor of x and 68?
68
Suppose -124 - 140 = -4*k. Let b(j) = j**3 + 12*j**2 + 10*j - 8. Let c be b(-11). Suppose c*n - 6*n = -18. What is the greatest common factor of k and n?
6
Suppose 0*m - 3*o = m - 64, 5*o + 171 = 4*m. Let t be 76 + -75 - (-12)/2. Calculate the greatest common factor of m and t.
7
Let x(n) = n**2 - n - 3. Let y be x(-5). Let u = 140 - 62. Let g be 1*(u + 3)/3. Calculate the highest common factor of g and y.
27
Suppose -8 = -n + 3*n. Let v = 8 + n. Suppose -2 = v*h - 14. Calculate the highest common factor of h and 21.
3
Let a be (6 - 1) + -1*2. Suppose -2*z = a*j - 177, 16 + 256 = 3*z - 2*j. Let f be (0 - 6/(-4))*12. Calculate the greatest common divisor of f and z.
18
Let z = 21 + -3. Let s = -26 + 71. Suppose 0 = h - s - 9. Calculate the greatest common divisor of h and z.
18
Let r = 1895 - 1791. Suppose 3*s - 5*s = -26. What is the highest common divisor of r and s?
13
Let c = 161 + -159. What is the greatest common divisor of 166 and c?
2
Suppose 7*h - 468 = -6*h. Suppose 0 = h*j - 33*j - 84. Calculate the highest common divisor of 140 and j.
28
Suppose -6*z = -2*z + 12, 3*j - z = 63. Suppose 0 = 23*q - 22*q - j. Calculate the greatest common factor of 4 and q.
4
Let r be (-4)/18 - 238/(-18). Let u = 370 + -204. Let o = 270 - u. What is the highest common factor of o and r?
13
Suppose 60*x - 594 = 42*x. What is the highest common divisor of 165 and